
What is the value of 3 + (-12 - (-3 + -2))?
-4
Evaluate -5 - -2 - (-5 - -1).
1
Evaluate -2 - (-3 - -2 - 6).
5
What is -5 + -2 + 5 + 3?
1
What is the value of -3 + -1 + -5 + 7 + -2?
-4
Calculate 1 + 1 - -3 - 11.
-6
What is 2 + -9 + -3 + 7?
-3
What is the value of (2 - 2) + -6 - (-24 + 21)?
-3
Calculate 0 + 2 - -1 - 1 - -3.
5
What is the value of -8 + -1 - (-33 - -9 - -20)?
-5
What is the value of (7 - (-12 - -15)) + -1?
3
Calculate -4 + (3 - 4 - (-8 + 4)).
-1
What is the value of 5 + (-3 - 0) + -7?
-5
(2 - -1 - 1) + 1 + 0
3
Evaluate -3 + -4 - -8 - 7.
-6
Evaluate 0 + (3 + 1 - -2) - 4.
2
Evaluate 1 - (1 + -6 + 3 + 3).
0
What is the value of (-9 - -4 - -9) + 3?
7
Evaluate 16 - (2 + 4 + -9 + 8).
11
What is the value of (-2 - (-6 - 5)) + (2 - 6)?
5
Evaluate -6 + -2 + 3 - -2.
-3
What is -12 + 3 + 8 + 11?
10
What is the value of -5 - (-15 + 11 - 5)?
4
What is the value of -3 - (-11 - -6) - 4?
-2
What is -2 + -4 + (2 - (0 - -1))?
-5
Calculate 10 + 1 + -4 + -1 + -3.
3
What is 12 - 15 - (-3 - -2)?
-2
What is -129 + 125 + 1 + (2 - -1)?
0
What is -5 + (-7 - (-2 - 6)) + 4?
0
Evaluate -1 + -2 - ((-2 - -2) + -3).
0
What is 3 - 5 - -2 - 0 - -2?
2
8 + (-4 + 4 - 8)
0
Evaluate 4 + -5 + -2 + 4.
1
What is the value of 1 + (3 - 0) + -7 + 3?
0
Evaluate -2 - (-3 - (0 - (2 + -3))).
2
-17 + 3 + 3 + -4 + 4
-11
5 - (-12 + 3 - -15)
-1
Calculate (1 + 1 - (-15 + 14)) + -1.
2
What is the value of -1 - -7 - (-32 + 44)?
-6
What is 3 - (-1 + 2 + (2 - 1))?
1
What is 1 - (5 + (-19 - -10))?
5
Calculate -8 + 10 + -5 + 2.
-1
3 + -1 - (-15 - -9 - -7)
1
-3 - (4 + (-1 - (-2 - -2)))
-6
What is (6 - 5) + -1 + -1 - -4?
3
Calculate 13 + -18 + (2 - (-2 + 4)).
-5
-9 - 0 - (-29 + 14)
6
What is the value of -2 + 2 - (4 - -1)?
-5
What is the value of (9 - 8) + 6 + -2?
5
Evaluate -12 - -1 - (22 + -25).
-8
Evaluate (-1 - (-1 + 3)) + 4 + -6.
-5
What is the value of -55 + 75 - (1 + 10)?
9
What is the value of (27 + -10 - 18) + 7 + 0?
6
Evaluate (-13 - -5) + 1 + 2.
-5
-5 - (-8 - (-9 - -1))
-5
Calculate 1 + 1 + (7 - 14).
-5
Evaluate -2 - (-10 + 11 + -7).
4
(-1 - -3) + -5 + (25 - 22)
0
1 + (-3 - (0 - -5))
-7
2 - 3 - -2 - (-28 - -24)
5
-3 + -9 + 5 + 4
-3
What is 4 - (3 + 9) - -3?
-5
8 - 7 - (-2 - -1)
2
Calculate 0 - 0 - (7 - 6).
-1
What is -2 - -14 - (-121 + 141)?
-8
What is 0 + 5 + -5 + -4 - -4?
0
What is the value of 0 - (3 - 1 - 4)?
2
Evaluate (-30 - -31) + 3 + 0 - 3.
1
What is -4 - (4 + -5) - 2 - -3?
-2
What is the value of (-8 - -11) + -10 - (-6 + -2)?
1
Evaluate 2 + (-4 + -2 - -2) - -9.
7
Calculate 7 + -2 + 1 + -5.
1
Evaluate (6 - (18 + -4)) + (1 - -1).
-6
What is the value of 3 - 8 - 2 - -3?
-4
Calculate -10 - -1 - (-1 - 5) - -4.
1
Evaluate (9 - 10) + (-1 - -3).
1
Evaluate 3 - (-5 - -5) - (-1 + 3).
1
What is the value of 4 + (4 - 16) - (5 - 8)?
-5
Evaluate (-1 - -1 - 4) + 84 + -76.
4
(-5 + 4 - (-1 - -1)) + 1
0
What is the value of 1 + -4 + 4 - 2?
-1
What is (0 - -4) + (-6 + 8 - 4)?
2
What is -3 - -3 - (1 - 0) - 0?
-1
4 - (-7 - -13 - 3 - 8)
9
Calculate (3 - (7 + -17 + 5)) + -3.
5
What is the value of 7 - 4 - -3 - 7?
-1
What is (-2 - 0) + 2 + 5?
5
Evaluate -11 + (15 - 5) + 6.
5
Calculate -2 + (-3 - -3) + 1.
-1
-8 + 4 + 4 - -1
1
Evaluate (-2 - 2) + (1 - -1).
-2
-7 - (-13 + -3) - (5 - 4)
8
Evaluate (0 - 1) + (1 - (5 + -8)).
3
What is the value of (-2 + 1 + 4 - 8) + 0?
-5
What is 2 - 4 - (-3 - -2 - 2)?
1
1 + -4 - (7 - (18 - 4))
4
What is -2 + 0 + 1 + (-11 - -9)?
-3
1 - (-3 + (-5 - -7))
2
What is (-3 - (9 - -4)) + 9?
-7
Evaluate -4 - (-3 - (-3 - -9 - 5)).
0
What is the value of -4 + 10 - (2 + 2)?
2
Evaluate 2 + -6 + (2 - (0 - 4)).
2
Calculate 7 + (-7 + 0 - 0) - 0.
0
Calculate -10 + 7 - (-1 - (-1 + -3)).
-6
Evaluate 2 + (-3 + 0 - -1).
0
Evaluate -6 + (1 + 4 - 1).
-2
-3 - 2 - (3 + -4)
-4
What is (-2 - 0) + (-18 - -22)?
2
Calculate 10 + (-12 - (-6 - 5)).
9
(4 - 4) + 1 - -3 - 0
4
What is 3 - (-1 + -4 + 5)?
3
What is -5 + 8 + (1 - 3)?
1
Calculate (4 - 2 - 5) + 8.
5
2 - (1 + 1 - 5)
5
Evaluate -2 + (6 - 2) + -1 + 1.
2
What is the value of (-1 - -2) + (3 - 0)?
4
What is 3 - (-3 + 0 - -8)?
-2
What is the value of -5 + 3 + 3 + -1?
0
What is the value of 6 + (-10 - -7) - (-1 - -2)?
2
Evaluate (-5 + 6 - (-10 - -1)) + -2.
8
Evaluate -8 + 8 + (-2 - 1) + 2.
-1
22 - (20 + -5) - (-1 - 0)
8
Calculate (0 + 0 - (-2 - 1)) + -2.
1
What is 198 + -179 - (0 + 9)?
10
What is (-1 - (-5 - 2)) + -12?
-6
Evaluate 6 - (3 + -4 + 2 + 0).
5
3 - (3 + -2 + (6 - 4))
0
Calculate 0 + 1 + (-4 - -2).
-1
What is the value of 2 + -1 + -2 + -9 + 8?
-2
-2 - 2 - (12 - 13)
-3
What is the value of (-6 - 0) + 40 + -36?
-2
What is 8 - (14 + -6 + -5)?
5
Calculate -4 + 3 + -1 + (-2 - -1).
-3
What is the value of 5 - (11 + 2 - (20 - 18))?
-6
Evaluate 3 - (3 - (3 + -6)) - -6.
3
Calculate 36 - 41 - (-1 + -1).
-3
Calculate (9 - 9) + 2 + -3.
-1
What is (10 - (6 - 11)) + -5?
10
Calculate (-8 - (4 + -7)) + -1.
-6
Calculate 12 - 8 - (-1 + 10 + -1).
-4
(-1 - -4) + (-1 - (3 - -1))
-2
What is the value of (-1 - -12) + -7 - (3 - -2)?
-1
Calculate 11 + -6 + 3 + (-1 - 2).
5
What is (21 - 18) + (0 - (-1 - -2))?
2
Calculate -3 + (-2 - 0 - -10).
5
What is -1 + (1 - 3) - (-37 + 35)?
-1
Calculate 1 + (-2 - -1) + 3.
3
Calculate -1 + 4 - (5 + 9 + -10).
-1
What is the value of -3 + -7 + 6 + 0 + -2?
-6
What is the value of 15 + -12 - (4 + -4 - -6)?
-3
2 - (-3 - -3) - (-5 + 3)
4
Calculate 0 + (-2 - (3 + -6 - -5)).
-4
What is the value of 11 + -5 + -5 + 0 + 3?
4
What is -8 + (-5 - -1 - -8)?
-4
What is -3 + 1 + 3 - (-1 - -6)?
-4
What is the value of 12 + (-5 - 4) - -1?
4
Evaluate 0 - (3 + -4 + (2 - -1)).
-2
What is the value of 2 - 0 - (22 - 24)?
4
-1 + 1 + -3 + 4 + 4
5
What is -15 + 11 - (-7 - 2)?
5
Calculate (-3 - (-4 - -3)) + -1.
-3
Calculate 1 + (2 + 1 + -4 - 4).
-4
What is the value of 0 + (-4 - (-1 - -1))?
-4
-5 + (-5 - (-3 + 3 + -10))
0
Evaluate (-5 - -6) + -9 - -8.
0
What is 11 - (-2 - (2 + 1 + -11))?
5
What is the value of -6 + -4 + 9 + 2?
1
What is 5 + 3 + (9 - 11) + -1?
5
-3 + (-4 - (6 + -4 - 4))
-5
What is 2 + (-5 - -1) + 4?
2
What is the value of 3 + (-4 - -16 - 12)?
3
-14 - (-26 - (13 + -22))
3
What is -2 + 5 - (11 - 2 - 3)?
-3
Calculate (-4 - (-2 + -3)) + 0 + -2.
-1
1 + -4 - -2 - -3 - 6
-4
(-7 - -22) + -1 - 21
-7
-2 + (0 - (-5 + 4))
-1
What is the value of -1 + (5 - 2 - -6) + -3?
5
What is (-1 - 0) + (7 - (6 - 0))?
0
What is -68 + 66 - (-5 + 2)?
1
What is -15 + 17 - (1 - 3)?
4
Evaluate (-9 - (-6 - -1)) + -2.
-6
What is the value of -2 + 4 + (-5 - -5) + 6?
8
What is (2 - 0) + 1 - (0 + 2)?
1
What is the value of -4 + 7 - -6 - (3 - 1)?
7
Evaluate 5 - ((0 - 6) + -10 + 20).
1
-10 - (-1 - 0 - (-14 + 16))
-7
8 + -11 + 10 + -9
-2
What is -22 - -17 - (-1 + 1 - 9)?
4
What is (2 - 6 - (6 - -2)) + 5?
-7
What is -2 + -3 - (-6 - -12 - 13)?
2
What is 4 + -2 + 1 + 0 + 0?
3
What is the value of 29 + -27 + 1 + -10?
-7
What is the value of (-2 - 5) + 2 + 9?
4
Calculate 2 - ((-2 - -9) + 3 + -12).
4
Calculate -3 - (0 - 8) - (-3 - -2).
6
What is the value of -17 + 15 + 1 + -2 + -6?
-9
What is -5 + 1 - (-17 - -14)?
-1
-3 + (-9 - -14) - (1 - -2)
-1
What is the value of 13 - (-12 + 10 - -10)?
5
Calculate (-5 - -1) + 4 + -1 + 2.
1
Evaluate -1 + (1 - 6) + 3.
-3
Evaluate 20 - 23 - (-1 - 9).
7
Calculate 1 + 6 + (12 - 27) + 7.
-1
What is 1 - (2 + (-2 - 1))?
2
What is the value of -4 - (6 + -8) - (3 + -3)?
-2
What is -13 - (-3 - 4) - (3 - 3)?
-6
What is -10 - (6 - 7) - -2?
-7
Calculate -4 - (-4 + -1 - -4).
-3
What is the value of 7 + 0 + (-3 - -1)?
5
2 + (-7 - (-1 + -4))
0
Calculate -4 + 7 + 7 + -11.
-1
Evaluate -2 - 4 - (2 - (-8 - -17)).
1
What is the value of -4 - (-6 + 2 + (2 - 0))?
-2
6 + 3 + -5 - (-1 - -2)
3
What is the value of 8 + -3 + (-7 - 2 - 1)?
-5
(-6 - -10) + (-3 - 0)
1
(-2 - -10) + -13 - (-3 - 0)
-2
What is the value of (3 - (-1 + 1)) + 1 + -6?
-2
Evaluate 1 + 0 + 2 - -1.
4
What is -14 - (-14 + 7) - -8?
1
-6 + -1 + 9 + 3
5
Calculate -3 + 1 - (1 - (3 - 1)).
-1
Calculate -3 - (0 + -12 + 2).
7
(10 - 7) + (-1 - -1)
3
Calculate -1 + (-2 - -4) + -2 + -4.
-5
(-3 - -3) + -9 + 12
3
What is the value of 2 + 6 + (-13 - -5)?
0
Calculate 1 + 3 - (-13 + 6 - -6).
5
Evaluate -1 + 0 + (14 - 18).
-5
What is (26 - 29) + (-3 - (-1 - 2))?
-3
Calculate 0 + -1 + 5 - -1.
5
Evaluate -3 + 0 + 2 - (-8 + 4).
3
Evaluate 4 - 3 - (1 - -1 - 1).
0
What is the value of 0 - (2 - (-4 - 0 - -2))?
-4
-2 + 4 + -2